{"id":3326,"date":"2025-11-11T19:20:16","date_gmt":"2025-11-11T18:20:16","guid":{"rendered":"https:\/\/draft.webrisestudio.pl\/?page_id=3326"},"modified":"2025-11-11T19:29:33","modified_gmt":"2025-11-11T18:29:33","slug":"uslugi-sprzetem","status":"publish","type":"page","link":"https:\/\/draft.webrisestudio.pl\/index.php\/uslugi-sprzetem\/","title":{"rendered":"Us\u0142ugi sprz\u0119tem"},"content":{"rendered":"\t\t<div data-elementor-type=\"wp-page\" data-elementor-id=\"3326\" class=\"elementor elementor-3326\">\n\t\t\t\t<div class=\"aux-parallax-section elementor-element elementor-element-209e0fc e-flex e-con-boxed e-con e-parent\" data-id=\"209e0fc\" data-element_type=\"container\">\n\t\t\t\t\t<div class=\"e-con-inner\">\n\t\t<div class=\"elementor-element elementor-element-01a8009 e-con-full e-flex e-con e-child\" data-id=\"01a8009\" data-element_type=\"container\">\n\t\t\t\t<div class=\"elementor-element elementor-element-6bb2b60 elementor-widget elementor-widget-heading\" data-id=\"6bb2b60\" data-element_type=\"widget\" data-widget_type=\"heading.default\">\n\t\t\t\t<div class=\"elementor-widget-container\">\n\t\t\t\t\t<h4 class=\"elementor-heading-title elementor-size-default\">Proponujemy Pa\u0144stwu tak\u017ce us\u0142ugi nast\u0119puj\u0105cym sprz\u0119tem budowlanym\n\n<\/h4>\t\t\t\t<\/div>\n\t\t\t\t<\/div>\n\t\t\t\t<div class=\"elementor-element elementor-element-cfbe51b elementor-widget elementor-widget-text-editor\" data-id=\"cfbe51b\" data-element_type=\"widget\" data-widget_type=\"text-editor.default\">\n\t\t\t\t<div class=\"elementor-widget-container\">\n\t\t\t\t\t\t\t\t\t<ul><li>\u017buraw samochodowy \u2013 ud\u017awig 5 tony, zasi\u0119g 32 m<\/li><li>\u0141adowarka 17m<\/li><li>Podno\u015bnik\u00a0no\u017cycowy 18m<\/li><li>Podno\u015bnik przegubowy 20 m<\/li><li>Przyssawki<\/li><\/ul>\t\t\t\t\t\t\t\t<\/div>\n\t\t\t\t<\/div>\n\t\t\t\t<\/div>\n\t\t<div class=\"elementor-element elementor-element-db8f57f e-con-full e-flex e-con e-child\" data-id=\"db8f57f\" data-element_type=\"container\">\n\t\t<div class=\"elementor-element elementor-element-ea57086 e-con-full e-flex e-con e-child\" data-id=\"ea57086\" data-element_type=\"container\">\n\t\t\t\t<div class=\"elementor-element elementor-element-297bb62 elementor-widget elementor-widget-image\" data-id=\"297bb62\" data-element_type=\"widget\" data-widget_type=\"image.default\">\n\t\t\t\t<div class=\"elementor-widget-container\">\n\t\t\t\t\t\t\t\t\t\t\t\t\t\t\t<img fetchpriority=\"high\" decoding=\"async\" width=\"1024\" height=\"1024\" src=\"https:\/\/draft.webrisestudio.pl\/wp-content\/uploads\/2025\/11\/IMG_1478-1024x1024.jpeg\" class=\"attachment-large size-large wp-image-3328\" alt=\"\" srcset=\"https:\/\/draft.webrisestudio.pl\/wp-content\/uploads\/2025\/11\/IMG_1478-1024x1024.jpeg 1024w, https:\/\/draft.webrisestudio.pl\/wp-content\/uploads\/2025\/11\/IMG_1478-300x300.jpeg 300w, https:\/\/draft.webrisestudio.pl\/wp-content\/uploads\/2025\/11\/IMG_1478-150x150.jpeg 150w, https:\/\/draft.webrisestudio.pl\/wp-content\/uploads\/2025\/11\/IMG_1478-768x768.jpeg 768w\" sizes=\"(max-width: 1024px) 100vw, 1024px\" \/>\t\t\t\t\t\t\t\t\t\t\t\t\t\t\t<\/div>\n\t\t\t\t<\/div>\n\t\t\t\t<div class=\"elementor-element elementor-element-15d9f9c elementor-widget elementor-widget-image\" data-id=\"15d9f9c\" data-element_type=\"widget\" data-widget_type=\"image.default\">\n\t\t\t\t<div class=\"elementor-widget-container\">\n\t\t\t\t\t\t\t\t\t\t\t\t\t\t\t<img decoding=\"async\" width=\"500\" height=\"333\" src=\"https:\/\/draft.webrisestudio.pl\/wp-content\/uploads\/2025\/11\/gfx-sprzet.jpg\" class=\"attachment-2048x2048 size-2048x2048 wp-image-3330\" alt=\"\" srcset=\"https:\/\/draft.webrisestudio.pl\/wp-content\/uploads\/2025\/11\/gfx-sprzet.jpg 500w, https:\/\/draft.webrisestudio.pl\/wp-content\/uploads\/2025\/11\/gfx-sprzet-100x67.jpg 100w, https:\/\/draft.webrisestudio.pl\/wp-content\/uploads\/2025\/11\/gfx-sprzet-200x133.jpg 200w\" sizes=\"(max-width: 500px) 100vw, 500px\" \/>\t\t\t\t\t\t\t\t\t\t\t\t\t\t\t<\/div>\n\t\t\t\t<\/div>\n\t\t\t\t<\/div>\n\t\t\t\t<\/div>\n\t\t<div class=\"elementor-element elementor-element-7cf5cc9 e-con-full e-flex e-con e-child\" data-id=\"7cf5cc9\" data-element_type=\"container\">\n\t\t\t\t<div class=\"elementor-element elementor-element-631dddb elementor-widget elementor-widget-image\" data-id=\"631dddb\" data-element_type=\"widget\" data-widget_type=\"image.default\">\n\t\t\t\t<div class=\"elementor-widget-container\">\n\t\t\t\t\t\t\t\t\t\t\t\t\t\t\t<img decoding=\"async\" width=\"768\" height=\"768\" src=\"https:\/\/draft.webrisestudio.pl\/wp-content\/uploads\/2025\/11\/IMG_0390-768x768.jpeg\" class=\"attachment-medium_large size-medium_large wp-image-3329\" alt=\"\" srcset=\"https:\/\/draft.webrisestudio.pl\/wp-content\/uploads\/2025\/11\/IMG_0390-768x768.jpeg 768w, https:\/\/draft.webrisestudio.pl\/wp-content\/uploads\/2025\/11\/IMG_0390-300x300.jpeg 300w, https:\/\/draft.webrisestudio.pl\/wp-content\/uploads\/2025\/11\/IMG_0390-1024x1024.jpeg 1024w, https:\/\/draft.webrisestudio.pl\/wp-content\/uploads\/2025\/11\/IMG_0390-150x150.jpeg 150w\" sizes=\"(max-width: 768px) 100vw, 768px\" \/>\t\t\t\t\t\t\t\t\t\t\t\t\t\t\t<\/div>\n\t\t\t\t<\/div>\n\t\t\t\t<div class=\"elementor-element elementor-element-005a0c1 elementor-widget elementor-widget-image\" data-id=\"005a0c1\" data-element_type=\"widget\" data-widget_type=\"image.default\">\n\t\t\t\t<div class=\"elementor-widget-container\">\n\t\t\t\t\t\t\t\t\t\t\t\t\t\t\t<img loading=\"lazy\" decoding=\"async\" width=\"768\" height=\"768\" src=\"https:\/\/draft.webrisestudio.pl\/wp-content\/uploads\/2025\/11\/IMG_0650-768x768.jpeg\" class=\"attachment-medium_large size-medium_large wp-image-3331\" alt=\"\" srcset=\"https:\/\/draft.webrisestudio.pl\/wp-content\/uploads\/2025\/11\/IMG_0650-768x768.jpeg 768w, https:\/\/draft.webrisestudio.pl\/wp-content\/uploads\/2025\/11\/IMG_0650-300x300.jpeg 300w, https:\/\/draft.webrisestudio.pl\/wp-content\/uploads\/2025\/11\/IMG_0650-1024x1024.jpeg 1024w, https:\/\/draft.webrisestudio.pl\/wp-content\/uploads\/2025\/11\/IMG_0650-150x150.jpeg 150w\" sizes=\"(max-width: 768px) 100vw, 768px\" \/>\t\t\t\t\t\t\t\t\t\t\t\t\t\t\t<\/div>\n\t\t\t\t<\/div>\n\t\t\t\t<\/div>\n\t\t\t\t\t<\/div>\n\t\t\t\t<\/div>\n\t\t\t\t<\/div>\n\t\t","protected":false},"excerpt":{"rendered":"<p>Proponujemy Pa\u0144stwu tak\u017ce us\u0142ugi nast\u0119puj\u0105cym sprz\u0119tem budowlanym \u017buraw samochodowy \u2013 ud\u017awig 5 tony, zasi\u0119g 32 m \u0141adowarka 17m Podno\u015bnik\u00a0no\u017cycowy 18m Podno\u015bnik przegubowy 20 m Przyssawki<\/p>\n","protected":false},"author":1,"featured_media":0,"parent":0,"menu_order":0,"comment_status":"closed","ping_status":"closed","template":"","meta":{"inline_featured_image":false,"footnotes":""},"class_list":["post-3326","page","type-page","status-publish","hentry"],"_links":{"self":[{"href":"https:\/\/draft.webrisestudio.pl\/index.php\/wp-json\/wp\/v2\/pages\/3326","targetHints":{"allow":["GET"]}}],"collection":[{"href":"https:\/\/draft.webrisestudio.pl\/index.php\/wp-json\/wp\/v2\/pages"}],"about":[{"href":"https:\/\/draft.webrisestudio.pl\/index.php\/wp-json\/wp\/v2\/types\/page"}],"author":[{"embeddable":true,"href":"https:\/\/draft.webrisestudio.pl\/index.php\/wp-json\/wp\/v2\/users\/1"}],"replies":[{"embeddable":true,"href":"https:\/\/draft.webrisestudio.pl\/index.php\/wp-json\/wp\/v2\/comments?post=3326"}],"version-history":[{"count":13,"href":"https:\/\/draft.webrisestudio.pl\/index.php\/wp-json\/wp\/v2\/pages\/3326\/revisions"}],"predecessor-version":[{"id":3343,"href":"https:\/\/draft.webrisestudio.pl\/index.php\/wp-json\/wp\/v2\/pages\/3326\/revisions\/3343"}],"wp:attachment":[{"href":"https:\/\/draft.webrisestudio.pl\/index.php\/wp-json\/wp\/v2\/media?parent=3326"}],"curies":[{"name":"wp","href":"https:\/\/api.w.org\/{rel}","templated":true}]}}