{"id":2947,"date":"2025-10-24T21:25:41","date_gmt":"2025-10-24T19:25:41","guid":{"rendered":"https:\/\/draft.webrisestudio.pl\/?page_id=2947"},"modified":"2025-11-11T15:32:18","modified_gmt":"2025-11-11T14:32:18","slug":"elewacje-wentylowane","status":"publish","type":"page","link":"https:\/\/draft.webrisestudio.pl\/index.php\/elewacje-wentylowane\/","title":{"rendered":"Elewacje wentylowane"},"content":{"rendered":"\t\t<div data-elementor-type=\"wp-page\" data-elementor-id=\"2947\" class=\"elementor elementor-2947\">\n\t\t\t\t<div class=\"aux-parallax-section elementor-element elementor-element-1eeac35 e-flex e-con-boxed e-con e-parent\" data-id=\"1eeac35\" data-element_type=\"container\">\n\t\t\t\t\t<div class=\"e-con-inner\">\n\t\t<div class=\"elementor-element elementor-element-cb15ba6 e-con-full e-flex e-con e-child\" data-id=\"cb15ba6\" data-element_type=\"container\">\n\t\t\t\t<div class=\"elementor-element elementor-element-4d4146a elementor-widget elementor-widget-heading\" data-id=\"4d4146a\" data-element_type=\"widget\" data-widget_type=\"heading.default\">\n\t\t\t\t<div class=\"elementor-widget-container\">\n\t\t\t\t\t<h2 class=\"elementor-heading-title elementor-size-default\">Elewacje wentylowane<\/h2>\t\t\t\t<\/div>\n\t\t\t\t<\/div>\n\t\t\t\t<div class=\"elementor-element elementor-element-5fb9d1b elementor-widget elementor-widget-text-editor\" data-id=\"5fb9d1b\" data-element_type=\"widget\" data-widget_type=\"text-editor.default\">\n\t\t\t\t<div class=\"elementor-widget-container\">\n\t\t\t\t\t\t\t\t\t<p>Kompleksowo zaprojektowana i wykonana zgodnie z dokumentacj\u0105 elewacja wentylowana pozwala na zapewnienie bezpiecze\u0144stwa u\u017cytkowania oraz trwa\u0142o\u015bci konstrukcji.<\/p><p>Podkonstrukcja jest systemem konstrukcji wsporczej stosowanej do monta\u017cu ok\u0142adzin elewacyjnych takich jak:<\/p><ul><li>p\u0142yty kompozytowe ( ALUCOBOND,REYNOBOND, EXSTRABOND)<\/li><li>Laminaty (ABET LAMINATI, TRESPA, KRONOSPAN,FUNDERMAX)<\/li><li>P\u0142yty HPL<\/li><li>P\u0142yty ceramiczne, gresowe<\/li><li>Kasety aluminiowe, stalowe<\/li><li>P\u0142yty z betonu architektonicznego<\/li><li>P\u0142yty w\u0142\u00f3kno \u2013 cementowe ( CEMBRIT, CEDRAL. EURONIT, TUBONIT, EQUITONE )<\/li><li>drewno elewacyjne<\/li><li>\u00a0\u017caluzje elewacyjne<\/li><\/ul><p>\u00a0<\/p>\t\t\t\t\t\t\t\t<\/div>\n\t\t\t\t<\/div>\n\t\t\t\t<\/div>\n\t\t<div class=\"elementor-element elementor-element-0fbe85b e-con-full e-flex e-con e-child\" data-id=\"0fbe85b\" data-element_type=\"container\">\n\t\t\t\t<div class=\"elementor-element elementor-element-fa006c9 elementor-widget elementor-widget-aux_image\" data-id=\"fa006c9\" data-element_type=\"widget\" data-widget_type=\"aux_image.default\">\n\t\t\t\t<div class=\"elementor-widget-container\">\n\t\t\t\t\t<section class=\"widget-container aux-widget-image aux-alignnone aux-parent-auedd05678\">\n    <div class=\"aux-media-hint-frame \">\n        <div class=\"aux-media-image \" >\n        \n            \n\n            \n            <img fetchpriority=\"high\" decoding=\"async\" width=\"500\" height=\"333\" src=\"https:\/\/draft.webrisestudio.pl\/wp-content\/uploads\/2025\/10\/gfx-fasady.jpg\" class=\"aux-attachment aux-featured-image aux-attachment-id-2768\" alt=\"gfx-fasady\" srcset=\"https:\/\/draft.webrisestudio.pl\/wp-content\/uploads\/2025\/10\/gfx-fasady-150x150.jpg 150w,https:\/\/draft.webrisestudio.pl\/wp-content\/uploads\/2025\/10\/gfx-fasady-300x300.jpg 300w,https:\/\/draft.webrisestudio.pl\/wp-content\/uploads\/2025\/10\/gfx-fasady.jpg 500w\" data-ratio=\"1\" data-original-w=\"500\" sizes=\"(max-width:479px) 480px,(max-width:767px) 768px,(max-width:1023px) 1024px,500px\" \/>            \n                <\/div>\n    <\/div>\n\n<\/section><!-- widget-container -->\t\t\t\t<\/div>\n\t\t\t\t<\/div>\n\t\t\t\t<\/div>\n\t\t\t\t\t<\/div>\n\t\t\t\t<\/div>\n\t\t\t\t<\/div>\n\t\t","protected":false},"excerpt":{"rendered":"<p>Elewacje wentylowane Kompleksowo zaprojektowana i wykonana zgodnie z dokumentacj\u0105 elewacja wentylowana pozwala na zapewnienie bezpiecze\u0144stwa u\u017cytkowania oraz trwa\u0142o\u015bci konstrukcji. Podkonstrukcja jest systemem konstrukcji wsporczej stosowanej do monta\u017cu ok\u0142adzin elewacyjnych takich jak: p\u0142yty kompozytowe ( ALUCOBOND,REYNOBOND, EXSTRABOND) Laminaty (ABET LAMINATI, TRESPA, KRONOSPAN,FUNDERMAX) P\u0142yty HPL P\u0142yty ceramiczne, gresowe Kasety aluminiowe, stalowe P\u0142yty z betonu architektonicznego P\u0142yty w\u0142\u00f3kno [&hellip;]<\/p>\n","protected":false},"author":1,"featured_media":0,"parent":0,"menu_order":0,"comment_status":"closed","ping_status":"closed","template":"","meta":{"inline_featured_image":false,"footnotes":""},"class_list":["post-2947","page","type-page","status-publish","hentry"],"_links":{"self":[{"href":"https:\/\/draft.webrisestudio.pl\/index.php\/wp-json\/wp\/v2\/pages\/2947","targetHints":{"allow":["GET"]}}],"collection":[{"href":"https:\/\/draft.webrisestudio.pl\/index.php\/wp-json\/wp\/v2\/pages"}],"about":[{"href":"https:\/\/draft.webrisestudio.pl\/index.php\/wp-json\/wp\/v2\/types\/page"}],"author":[{"embeddable":true,"href":"https:\/\/draft.webrisestudio.pl\/index.php\/wp-json\/wp\/v2\/users\/1"}],"replies":[{"embeddable":true,"href":"https:\/\/draft.webrisestudio.pl\/index.php\/wp-json\/wp\/v2\/comments?post=2947"}],"version-history":[{"count":13,"href":"https:\/\/draft.webrisestudio.pl\/index.php\/wp-json\/wp\/v2\/pages\/2947\/revisions"}],"predecessor-version":[{"id":3309,"href":"https:\/\/draft.webrisestudio.pl\/index.php\/wp-json\/wp\/v2\/pages\/2947\/revisions\/3309"}],"wp:attachment":[{"href":"https:\/\/draft.webrisestudio.pl\/index.php\/wp-json\/wp\/v2\/media?parent=2947"}],"curies":[{"name":"wp","href":"https:\/\/api.w.org\/{rel}","templated":true}]}}