{"id":2815,"date":"2025-10-22T21:18:14","date_gmt":"2025-10-22T19:18:14","guid":{"rendered":"https:\/\/draft.webrisestudio.pl\/?page_id=2815"},"modified":"2025-11-08T21:11:29","modified_gmt":"2025-11-08T20:11:29","slug":"o-firmie","status":"publish","type":"page","link":"https:\/\/draft.webrisestudio.pl\/index.php\/o-firmie\/","title":{"rendered":"O firmie"},"content":{"rendered":"\t\t<div data-elementor-type=\"wp-page\" data-elementor-id=\"2815\" class=\"elementor elementor-2815\">\n\t\t\t\t<div class=\"aux-parallax-section elementor-element elementor-element-d929ed3 e-flex e-con-boxed e-con e-parent\" data-id=\"d929ed3\" data-element_type=\"container\">\n\t\t\t\t\t<div class=\"e-con-inner\">\n\t\t\t\t<div class=\"elementor-element elementor-element-7d035c4 elementor-widget elementor-widget-text-editor\" data-id=\"7d035c4\" data-element_type=\"widget\" data-widget_type=\"text-editor.default\">\n\t\t\t\t<div class=\"elementor-widget-container\">\n\t\t\t\t\t\t\t\t\t<p><strong>Za\u0142o\u017cony w 1990 roku Za\u0142ad Blacharsko &#8211; Dekarski p\u00f3\u017cniejsza nazwa HalDek Roman G\u0142owacz.<\/strong><\/p><p><strong>W 2015 roku powsta\u0142a sp\u00f3\u0142ka HALDEK Sp. z o.o.<\/strong><\/p>\t\t\t\t\t\t\t\t<\/div>\n\t\t\t\t<\/div>\n\t\t\t\t\t<\/div>\n\t\t\t\t<\/div>\n\t\t<div class=\"aux-parallax-section elementor-element elementor-element-7ef4226 e-flex e-con-boxed e-con e-parent\" data-id=\"7ef4226\" data-element_type=\"container\">\n\t\t\t\t\t<div class=\"e-con-inner\">\n\t\t<div class=\"elementor-element elementor-element-ff298ca e-con-full e-flex e-con e-child\" data-id=\"ff298ca\" data-element_type=\"container\">\n\t\t\t\t<div class=\"elementor-element elementor-element-6b70a46 elementor-widget elementor-widget-heading\" data-id=\"6b70a46\" data-element_type=\"widget\" data-widget_type=\"heading.default\">\n\t\t\t\t<div class=\"elementor-widget-container\">\n\t\t\t\t\t<h5 class=\"elementor-heading-title elementor-size-default\">Firmy od pocz\u0105tku dzia\u0142alno\u015bci zajmuj\u0105 si\u0119 wykonywaniem prac dekarskich, jednak w miar\u0119 powi\u0119kszania zaplecza technicznego oraz zwi\u0119kszenia oczekiwa\u0144 klient\u00f3w, firmy rozszerzy\u0142y sw\u0105 ofert\u0119 o:<\/h5>\t\t\t\t<\/div>\n\t\t\t\t<\/div>\n\t\t\t\t<div class=\"elementor-element elementor-element-a95e801 elementor-widget elementor-widget-aux_icon_list\" data-id=\"a95e801\" data-element_type=\"widget\" data-widget_type=\"aux_icon_list.default\">\n\t\t\t\t<div class=\"elementor-widget-container\">\n\t\t\t\t\t<section class=\"widget-container aux-widget-icon-list aux-parent-au20da4ba4\"><div class=\"widget-inner\"><div class=\"aux-widget-icon-list-inner\"><ul class=\"aux-icon-list-items aux-direction-default\"><li class=\"aux-icon-list-item aux-list-item-has-connector aux-list-item-has-icon aux-icon-list-item-2d77e19 elementor-repeater-item-2d77e19\"><i aria-hidden=\"true\" class=\"aux-icon-list-icon auxicon auxicon-primitive-dot\"><\/i><span class=\"aux-icon-list-text\">Wykonywanie wi\u0119\u017ab dachowych tradycyjnych oraz z drewna klejonego.<\/span><span class=\"aux-list-connector\"><\/span><\/li><li class=\"aux-icon-list-item aux-list-item-has-connector aux-list-item-has-icon aux-icon-list-item-b499126 elementor-repeater-item-b499126\"><i aria-hidden=\"true\" class=\"aux-icon-list-icon auxicon auxicon-primitive-dot\"><\/i><span class=\"aux-icon-list-text\">Prefabrykacje i monta\u017c konstrukcji stalowych.<\/span><span class=\"aux-list-connector\"><\/span><\/li><li class=\"aux-icon-list-item aux-list-item-has-connector aux-list-item-has-icon aux-icon-list-item-b848a64 elementor-repeater-item-b848a64\"><i aria-hidden=\"true\" class=\"aux-icon-list-icon auxicon auxicon-primitive-dot\"><\/i><span class=\"aux-icon-list-text\">Kompletne obudowy hal przemys\u0142owych, mro\u017ani, ch\u0142odni, galerii handlowych, monta\u017c \u015blusarki otworowej \u2013 bram, drzwi, okien.<\/span><span class=\"aux-list-connector\"><\/span><\/li><li class=\"aux-icon-list-item aux-list-item-has-connector aux-list-item-has-icon aux-icon-list-item-4988eb4 elementor-repeater-item-4988eb4\"><i aria-hidden=\"true\" class=\"aux-icon-list-icon auxicon auxicon-primitive-dot\"><\/i><span class=\"aux-icon-list-text\">Kompleksowe pokrycia dach\u00f3w p\u0142askich warstwowych, odwr\u00f3conych.<\/span><span class=\"aux-list-connector\"><\/span><\/li><li class=\"aux-icon-list-item aux-list-item-has-connector aux-list-item-has-icon aux-icon-list-item-725e9fe elementor-repeater-item-725e9fe\"><i aria-hidden=\"true\" class=\"aux-icon-list-icon auxicon auxicon-primitive-dot\"><\/i><span class=\"aux-icon-list-text\">Monta\u017c do\u015bwietli dachowych oraz klap przewietrzaj\u0105cych i oddymiaj\u0105cych.<\/span><span class=\"aux-list-connector\"><\/span><\/li><li class=\"aux-icon-list-item aux-list-item-has-connector aux-list-item-has-icon aux-icon-list-item-3e4c514 elementor-repeater-item-3e4c514\"><i aria-hidden=\"true\" class=\"aux-icon-list-icon auxicon auxicon-primitive-dot\"><\/i><span class=\"aux-icon-list-text\">Produkcj\u0119 obr\u00f3bek blacharskich, w tym obr\u00f3bek dekarskich, parapet\u00f3w itp.<\/span><span class=\"aux-list-connector\"><\/span><\/li><\/ul><\/div><\/div><\/section><!-- widget-container -->\t\t\t\t<\/div>\n\t\t\t\t<\/div>\n\t\t\t\t<div class=\"elementor-element elementor-element-5fec28d elementor-widget elementor-widget-text-editor\" data-id=\"5fec28d\" data-element_type=\"widget\" data-widget_type=\"text-editor.default\">\n\t\t\t\t<div class=\"elementor-widget-container\">\n\t\t\t\t\t\t\t\t\t<p>Zach\u0119camy do przegl\u0105dni\u0119cia naszych\u00a0<a href=\"https:\/\/draft.webrisestudio.pl\/realizacje\">REALIZACJI<\/a><\/p>\t\t\t\t\t\t\t\t<\/div>\n\t\t\t\t<\/div>\n\t\t\t\t<\/div>\n\t\t<div class=\"elementor-element elementor-element-4797918 e-con-full e-flex e-con e-child\" data-id=\"4797918\" data-element_type=\"container\">\n\t\t\t\t<div class=\"elementor-element elementor-element-7fade5b elementor-widget elementor-widget-aux_image\" data-id=\"7fade5b\" data-element_type=\"widget\" data-widget_type=\"aux_image.default\">\n\t\t\t\t<div class=\"elementor-widget-container\">\n\t\t\t\t\t<section class=\"widget-container aux-widget-image aux-alignnone aux-parent-auce4f2396\">\n    <div class=\"aux-media-hint-frame \">\n        <div class=\"aux-media-image \" >\n        \n            \n\n            \n            <img fetchpriority=\"high\" decoding=\"async\" width=\"500\" height=\"333\" src=\"https:\/\/draft.webrisestudio.pl\/wp-content\/uploads\/2025\/11\/gfx-ofirmie.jpg\" class=\"aux-attachment aux-featured-image aux-attachment-id-3176\" alt=\"gfx-ofirmie\" srcset=\"https:\/\/draft.webrisestudio.pl\/wp-content\/uploads\/2025\/11\/gfx-ofirmie-150x150.jpg 150w,https:\/\/draft.webrisestudio.pl\/wp-content\/uploads\/2025\/11\/gfx-ofirmie-300x300.jpg 300w,https:\/\/draft.webrisestudio.pl\/wp-content\/uploads\/2025\/11\/gfx-ofirmie.jpg 500w\" data-ratio=\"1\" data-original-w=\"500\" sizes=\"(max-width:479px) 480px,(max-width:767px) 768px,(max-width:1023px) 1024px,500px\" \/>            \n                <\/div>\n    <\/div>\n\n<\/section><!-- widget-container -->\t\t\t\t<\/div>\n\t\t\t\t<\/div>\n\t\t\t\t<\/div>\n\t\t\t\t\t<\/div>\n\t\t\t\t<\/div>\n\t\t\t\t<\/div>\n\t\t","protected":false},"excerpt":{"rendered":"<p>Za\u0142o\u017cony w 1990 roku Za\u0142ad Blacharsko &#8211; Dekarski p\u00f3\u017cniejsza nazwa HalDek Roman G\u0142owacz. W 2015 roku powsta\u0142a sp\u00f3\u0142ka HALDEK Sp. z o.o. Firmy od pocz\u0105tku dzia\u0142alno\u015bci zajmuj\u0105 si\u0119 wykonywaniem prac dekarskich, jednak w miar\u0119 powi\u0119kszania zaplecza technicznego oraz zwi\u0119kszenia oczekiwa\u0144 klient\u00f3w, firmy rozszerzy\u0142y sw\u0105 ofert\u0119 o: Wykonywanie wi\u0119\u017ab dachowych tradycyjnych oraz z drewna klejonego. Prefabrykacje [&hellip;]<\/p>\n","protected":false},"author":1,"featured_media":0,"parent":0,"menu_order":0,"comment_status":"closed","ping_status":"closed","template":"","meta":{"inline_featured_image":false,"footnotes":""},"class_list":["post-2815","page","type-page","status-publish","hentry"],"_links":{"self":[{"href":"https:\/\/draft.webrisestudio.pl\/index.php\/wp-json\/wp\/v2\/pages\/2815","targetHints":{"allow":["GET"]}}],"collection":[{"href":"https:\/\/draft.webrisestudio.pl\/index.php\/wp-json\/wp\/v2\/pages"}],"about":[{"href":"https:\/\/draft.webrisestudio.pl\/index.php\/wp-json\/wp\/v2\/types\/page"}],"author":[{"embeddable":true,"href":"https:\/\/draft.webrisestudio.pl\/index.php\/wp-json\/wp\/v2\/users\/1"}],"replies":[{"embeddable":true,"href":"https:\/\/draft.webrisestudio.pl\/index.php\/wp-json\/wp\/v2\/comments?post=2815"}],"version-history":[{"count":16,"href":"https:\/\/draft.webrisestudio.pl\/index.php\/wp-json\/wp\/v2\/pages\/2815\/revisions"}],"predecessor-version":[{"id":3179,"href":"https:\/\/draft.webrisestudio.pl\/index.php\/wp-json\/wp\/v2\/pages\/2815\/revisions\/3179"}],"wp:attachment":[{"href":"https:\/\/draft.webrisestudio.pl\/index.php\/wp-json\/wp\/v2\/media?parent=2815"}],"curies":[{"name":"wp","href":"https:\/\/api.w.org\/{rel}","templated":true}]}}